f w?
1
Suppose -2*n + 374 = -300. What is the tens digit of n?
3
What is the units digit of -2 + -1 + 3 + 30?
0
Suppose 621 = 2*q + 7*q. What is the units digit of q?
9
Suppose -32 = k - 2*k + l, 4*l + 155 = 5*k. What is the tens digit of k?
2
What is the units digit of (-270)/(-5) + 1*3?
7
Let g = 34 - 52. What is the units digit of (-138)/(-4)*g/(-27)?
3
Let z(m) = -3*m**2 + 2*m**2 - 4 + 8 + 4*m. Let q = -25 - -29. What is the units digit of z(q)?
4
Suppose -7*o + 327 = -163. What is the units digit of o?
0
What is the hundreds digit of ((-118)/4 - -1)*288/(-27)?
3
Suppose 0 = -f + 4*o + 6, -4*f - 2*o = -0*o - 6. Suppose -3*d + 12 = -f*d. What is the tens digit of d?
1
Suppose -4*h - 10 = o, -4*o - 2*h = -7 + 5. Let i be 22/(-5) - (-4)/10. What is the units digit of (o + 0)/(i/(-14))?
7
Let j = 32 - -8. What is the units digit of (5/(-4))/((-5)/j)?
0
Suppose 3*o + m + 8 = 6*m, -28 = -3*o - 4*m. Suppose -o*j - 5*i = -26, -2*j - i + 18 = 4*i. What is the units digit of j?
4
Let o = -20 - -20. Suppose m - 3*m + 46 = o. What is the tens digit of m?
2
Let k be ((-1)/(-2))/((-5)/(-20)). Suppose 0 = -o + k*o + m + 1, 0 = -o + 4*m + 9. What is the units digit of (-13)/(-1) + -2 - o?
0
Let c(o) = -o**2 + 12*o + 1. Let q(u) = -u**2 + 11*u + 2. Let j(g) = -3*c(g) + 4*q(g). What is the tens digit of j(6)?
1
What is the units digit of 133/1 + (-18)/6?
0
Suppose 2 = -2*h + 14. What is the units digit of (-186)/(-10) - h/(-15)?
9
Suppose -3*m = v + 2*v - 213, 3*v = 15. What is the units digit of m?
6
Let m = 50 + -12. What is the tens digit of m?
3
Suppose 4*o + 0*o = 8. Let t = 25 - 15. Let q = o + t. What is the units digit of q?
2
Suppose 0 = -o + 4*o - 282. What is the units digit of o?
4
Let j(w) = -w**3 + 5*w**2 - 3*w + 4. Let h be j(4). Suppose -c = c + 8. What is the units digit of (0 - c)*14/h?
7
Let g = -3 + -4. Let l(i) = i**3 + 7*i**2 - i - 10. Let v be l(g). Let h = v + 7. What is the units digit of h?
4
Suppose 59 - 4 = 5*w. Suppose 11 = -g + 2*m + 24, -3*g + 5*m = -36. Let f = w - g. What is the units digit of f?
4
Let s be -1 + 2 + -2 - 14. Let y = s - -28. Suppose y = 3*w - 2. What is the units digit of w?
5
What is the tens digit of -11 + 14 - (-80)/1?
8
Let k = -5 - -7. Let b be 5*-11*k/5. What is the tens digit of 2/(-11) + (-444)/b?
2
Let t(r) = 7*r + 5. Let c be t(-8). Let z = -18 - c. What is the units digit of z?
3
Suppose 26 = -3*o - w, o = -5*w + 4 + 6. Let g = -6 - o. Let d = g - 1. What is the units digit of d?
3
Let z(h) = h**2 - 7*h + 1. Let a be (-1)/(-1) + -3 + 9. What is the units digit of z(a)?
1
Let z be ((-2)/4)/(2/24). Let i be (-3 + 0)*(-2)/z. What is the units digit of (i/2)/(1/(-16))?
8
Suppose 0 = 2*k - 3*z - 42, 2*z + 18 = -k + 46. What is the units digit of k?
4
Suppose -5*g + 91 = -79. What is the units digit of g?
4
Let c(z) = 102*z - 1. Let d be c(1). Suppose 0 = -u + 5*r + 37, 4*u = 3*r + 13 + d. What is the units digit of u?
7
Let z be 36/20 - 4/(-20). Suppose -11 = 4*m + 5*g, -z*m + 20 = -5*g + 3. What is the units digit of m?
1
Let z(n) = 4*n - 5. Let o be z(5). Suppose 5*c - o = -65. What is the tens digit of (-7)/35 - 102/c?
1
Let u(n) = 3*n + 1. Let r be u(3). Let i be -1 - 4/1*-4. Let o = i - r. What is the units digit of o?
5
Let f(z) = -3*z**3 + 2*z**2 - 4*z. What is the hundreds digit of f(-3)?
1
Let f = -31 + 49. Let a = f - 14. What is the units digit of a?
4
Suppose 20*h + 42 = 21*h. What is the units digit of h?
2
Let u be (-6)/10 + 30/50. Suppose u = l + l - 6. Suppose 0 = -3*b + l. What is the units digit of b?
1
Let m be 2/(-4) - 632/16. What is the units digit of (2/(-8))/(5/m)?
2
Let z = -12 + 96. What is the tens digit of z?
8
Let t = -2 + 3. Let r be -26 + (-3 - -1) - t. Let i = -14 - r. What is the tens digit of i?
1
Let i(o) = -228*o**3 + 3*o**2 - o - 3. What is the units digit of i(-1)?
9
Suppose 18 = 4*m + 3*v, m + 2*v + 28 = 5*m. Let u = m + -1. What is the units digit of u?
5
Suppose -5*h = -n + 354, 0 = -4*n - 12*h + 9*h + 1462. What is the tens digit of n?
6
Suppose -m + 3*m = 4*w + 14, 2*w = 4*m - 22. What is the units digit of (-1)/1 + 14 + w?
2
Suppose -1 = y - 11. What is the tens digit of y?
1
Suppose -6 = -z - 4. Let d(r) = -r**2 + 14*r + 5. Let t be d(14). Suppose t*s - z = 4*s. What is the units digit of s?
2
Let h(q) = -34*q**2 + 12 - 7*q - 1 + 27*q**2 - 3*q**3 + 4*q**3. What is the tens digit of h(8)?
1
Let f = -20 + 3. Let m = f - -37. What is the units digit of m?
0
Suppose 2*g - 18 - 14 = 0. Let m = g - 9. What is the units digit of m?
7
Suppose 5*f + p - 56 + 13 = 0, 3*p = -6. What is the units digit of f?
9
Suppose 3*d - 95 = 67. Let n = -7 + d. What is the tens digit of n?
4
Let u = -525 + 862. What is the hundreds digit of u?
3
Suppose -2*k - 3*k - x + 78 = 0, -4*k + 45 = -5*x. Suppose -t + 2*t - k = 0. What is the tens digit of t?
1
Let g(t) = 3*t**2 - 14*t - 14. What is the units digit of g(6)?
0
Suppose 2*f = 5 + 3. What is the units digit of f?
4
Let o be (3 - -6) + 0/(-1). Let r = -9 + o. Suppose 26 = 3*q - u - r*u, 5*q = -2*u + 25. What is the units digit of q?
7
Let v(b) = b**2 - 4*b + 3. Let l be v(4). Suppose l*p = -3 + 12. What is the units digit of p?
3
Let a = 1 + 8. What is the units digit of a?
9
Let x = 79 + 5. Suppose 5*u + v = 3*u + x, v - 210 = -5*u. What is the tens digit of u?
4
Let t(n) = n**3 + 6*n**2 + 7*n + 6. Suppose -6*x + 3*x + 15 = 0. Let z = -9 + x. What is the units digit of t(z)?
0
Suppose 6*o + 541 = 1357. Suppose 3*l - o = -l. What is the tens digit of l?
3
Let f = -68 - -117. What is the units digit of f?
9
Let p(m) = -131*m**2 + m. Let j be p(-1). Let f = -8 - -12. What is the units digit of f/14 + j/(-28)?
5
Let l(u) = u**2 + 10*u + 22. What is the units digit of l(-12)?
6
Let b be 12/30 + 4/(-10). Suppose -4*z + 2 + 6 = b. What is the units digit of z?
2
Let p = 6 - 5. Suppose 3*q - p = 5. Suppose h + 3 = -2*v, 2*v = -q*h + 4*h + 12. What is the units digit of v?
1
Suppose -4*i + 8*i + 108 = 0. Let w = -13 - i. What is the tens digit of w?
1
Let h(w) = w**3 + 11*w**2 + 5*w - 11. What is the units digit of h(-7)?
0
Suppose -3*u = -u. Suppose -k = -8 - u. Suppose 0 = -2*d + 4*s + k, 0*d + 7 = d + s. What is the units digit of d?
6
Let b(o) = -o**3 + 6*o**2 + o - 2. Let v = 7 + -1. What is the units digit of b(v)?
4
What is the units digit of ((-44)/10)/((16/(-20))/4)?
2
Let m = 55 + 54. What is the tens digit of m?
0
Let n(p) = -p**3 - 13*p**2 + 7*p - 3. What is the units digit of n(-14)?
5
Let p(i) = -i + 3. Let l(x) = 2. Let t(h) = -6*l(h) + 5*p(h). What is the units digit of t(-3)?
8
Let r(h) = 2 + 4*h - 2*h + h - h**3. Let i be r(-2). Suppose -i*s + 0*o = 2*o - 18, 4*o - 27 = -5*s. What is the units digit of s?
3
Let k = -46 - -113. What is the tens digit of k?
6
Suppose 4*p - 19 = -3*b - 4, 3*b = 3*p + 15. What is the units digit of 5 + -6 - (p + -9)?
8
Suppose -4*q - 21 = -7*q. Let r = q + -5. Suppose 4*c - 45 = u, -r*c + 6*c = 3*u + 47. What is the units digit of c?
1
Let a(h) = -h**2 + 7*h - 1. Let d be a(7). Suppose -4*s = -4*f - 20, 4*s + 15 = -8*f + 5*f. What is the units digit of s - (3 - (d - -7))?
3
Let j(a) be the third derivative of -a**6/120 - a**5/60 + a**4/4 + 2*a**3/3 - 3*a**2. What is the units digit of j(-4)?
8
Let c(h) = -h**3 + 6*h**2 + h + 1. Let a = 30 - 18. Suppose -2*k + a = -0*k. What is the units digit of c(k)?
7
Let n(m) = -4*m - 3. Let k be n(-2). Let a be 1 + -3*k/(-3). Suppose -4*q + 5*x = -38, -5*q - a*x + 25 = -x. What is the units digit of q?
7
Let l = -16 - -8. Let x = 10 + l. Suppose s + 13 = x*s. What is the units digit of s?
3
Suppose 0 = -4*m + m + 573. What is the hundreds digit of m?
1
What is the units digit of (-2)/(8/(-196)) - -1?
0
Let s(p) = 2*p**3 - 6*p**2 + 3*p + 4. What is the units digit of s(3)?
3
What is the tens digit of 72/(-14)*(-26 - -19)?
3
Let h be -5 - (-9)/6*2. Let p be (-2)/4 + 7/(-2). Let r = h - p. What is the units digit of r?
2
Suppose -5*s - o = -129, -3*s = 5*o - 4*o - 79. Let y = -10 + s. What is the tens digit of y?
1
Let h be 0*(4/1)/(-12). What is the tens digit of h + (11 - 3) + 2?
1
Let d = 7 - 6. What is the units digit of 21*d/(-1)*-1?
1
Let q(w) = -4 - 5*w**3 + 5*w**3 + 5*w**2 + w**3. What is the units digit of q(-4)?
2
Suppose -4*g = -g - 42. What